git of o(17)?
4
Let d = 15 - 34. What is the tens digit of 1 + 2 - d - 3?
1
Let w(l) = -l**3 + 2*l**2 + 8*l - 1. Let d be w(-4). Let z = d - -28. What is the tens digit of z?
9
Suppose 16*c - 4647 - 6617 = 0. What is the tens digit of c?
0
Let i be (-8)/14 - 175/(-49). Suppose 126 = i*y - 189. What is the tens digit of y?
0
Let g(y) = -4*y**3 - 17*y**2 - 64*y + 16. What is the units digit of g(-11)?
7
Let m be (-33)/55 - 147/5. Let s = -13 - m. What is the tens digit of s?
1
Let i(g) = g**3 + g**2 - g + 13. Let y(x) = x**2 - x - 1. Let d(f) = f**2 - 4*f + 4. Let o be d(3). Let m(k) = o*i(k) - 2*y(k). What is the tens digit of m(0)?
1
Suppose -2*d - 18 = 2*g, 2*g - 3*d + 7 + 6 = 0. What is the tens digit of (-68)/(-3) - g/6?
2
Let s be 1*((-82)/(-2) - -2). Suppose -x + 0 = -2. Let q = s - x. What is the units digit of q?
1
Suppose 0*d = 2*d + 36. Suppose 0*h - t = -h + 32, 0 = -t. Let p = d + h. What is the tens digit of p?
1
Suppose -17 = 5*m + z, -m - 7*z + 5 = -4*z. What is the tens digit of -5 + m + 5 + 58?
5
Suppose -5*t + 198 = 2*k - 568, 3*t + 3*k - 465 = 0. What is the hundreds digit of t?
1
Let u = -613 + 1061. What is the units digit of u?
8
Suppose 5*d - 6240 = -5*u + 1665, 4*u = -d + 1590. What is the thousands digit of d?
1
Let k = 135 - -63. Suppose k = 2*u + u. What is the tens digit of u?
6
Let k = 2 + -4. Let d be (21/4)/(k/8). Let a = d + 34. What is the tens digit of a?
1
Let b(p) be the third derivative of 3*p**5/10 + 5*p**4/24 + p**3/2 + 11*p**2. What is the units digit of b(-2)?
5
Let p be (-7)/14 - (-9)/2. Suppose 4*h + 2300 = p*m - 1124, 4*m - 2*h - 3416 = 0. What is the tens digit of m/42 - (-6)/(-21)?
2
Suppose -42*k + 38*k + 1908 = 0. What is the tens digit of k?
7
Let h(l) = -l**3 - 5*l**2 + 5. Let s be h(-5). Suppose 0 = 2*n + 4*m - 4, 4*n = 3*n - 5*m + s. Suppose n = -2*t + 4 + 128. What is the units digit of t?
6
Let c(w) = -2*w**2 + 3*w + 1. Let h(t) = t**2 - 3*t. Let q(v) = 2*c(v) + 3*h(v). Let f be q(7). What is the units digit of (2 - 1) + f/(-4)?
8
What is the tens digit of 5/7 - 308913/(-231)?
3
Let f = 1222 + -596. What is the hundreds digit of f?
6
Let r be 44*(82/(-24) + (-14)/(-21)). Let i = r + 289. What is the hundreds digit of i?
1
Let d be (15/10)/((-1)/(-52)). Let t = -69 + d. What is the units digit of t?
9
Let z = -2 + 1. What is the tens digit of (-2 - -19)/(z/(-2))?
3
Let a(j) = -j**2 - j. Let i(c) = 7*c**2 - 7*c - 7. Let v(d) = -6*a(d) - i(d). Suppose 3*w - 2*w = 10. What is the units digit of v(w)?
7
Let x(v) = v**2 - v + 1. Let m(b) = -3*b**2 + 7*b - 2. Let i(z) = m(z) + 2*x(z). Let r be i(3). Suppose -3*j = -4*j + r. What is the units digit of j?
6
Let k(g) = g**2 - 5*g + 5. Let q be k(5). Suppose q*i + 36 + 476 = 3*p, 4*p = 3*i + 690. What is the hundreds digit of p?
1
Let s be 100/45 - (-4)/(-18). Suppose -10 = -s*t - 3*t. Suppose -19 = -t*w + 3*w + 5*q, w - 17 = 4*q. What is the units digit of w?
1
Suppose -29 = 2*i - 3*t, -4*t + 2 = -0*i + i. Let p = -6 - i. Suppose 2*l + v = 80 - 29, p*v + 160 = 5*l. What is the tens digit of l?
2
Suppose 0 = 9*s - 133 + 7. Suppose 5*d + s = 104. Suppose 6*h = 3*h + d. What is the units digit of h?
6
Let g(n) = 2*n + 2. Let a be g(10). Let b be a/(-77) + 30/7. What is the units digit of b/(-10) + (-651)/(-15)?
3
Let g(n) = 16*n**2 - 80*n + 6. What is the tens digit of g(9)?
8
Suppose 0 = -10*m - 1821 + 681. Let z = m + 266. What is the tens digit of z?
5
Let q(y) = -11*y - 8. Let f be q(2). Let w = 104 + f. What is the units digit of w?
4
What is the thousands digit of (-2)/4 + (31713/22 - 5)?
1
Let w = -64 - -67. Suppose w*k - 475 - 98 = 0. What is the units digit of k?
1
Suppose -26131 - 70269 = -80*u. What is the tens digit of u?
0
Suppose 5*p - 3 - 6 = -2*n, n - 5 = -3*p. Let l(t) = t - 4. Let f be l(8). Suppose -4*s - f*m + 86 = -n*m, -41 = -2*s + m. What is the units digit of s?
1
Suppose -25 = -6*a + a + 3*b, -3*b = 4*a - 20. Let n(v) = -v**2 + 5*v + 4. Let f be n(a). Suppose p + f*p - 160 = 0. What is the units digit of p?
2
Suppose 30*j + 8688 = 33*j. What is the hundreds digit of j?
8
Let s(f) = 9*f**2 + 3*f - 1. Let g be 4/(-3)*3/(-2). Suppose 4*l = 4*k, 0 = k + g*l + l - 8. What is the units digit of s(k)?
1
Suppose 34*u = 11*u + 29509. What is the hundreds digit of u?
2
Let h(n) be the first derivative of n**2/2 + 7*n - 5. Let k be h(-4). Suppose -29 = k*d - v - 178, -4*v = -4. What is the tens digit of d?
5
Suppose -i + 2*z = -30, -3*i + 150 = 2*i - 5*z. Suppose 0*p = p + 4*k - i, 0 = -3*p - 4*k + 58. What is the units digit of p?
4
Let p(y) = 2*y**2. Let i be p(7). Let q = 170 - i. What is the units digit of q?
2
Let o be (1232/63)/11 + (-4)/(-18). Suppose u - 3*u = -2*f - 32, -o*u = 5*f - 46. What is the units digit of u?
8
Let t(i) = -i**2 - 17*i - 14. Let z be t(-18). Let l = -2 - z. What is the units digit of l?
0
Let m = -2897 - -4197. What is the hundreds digit of m?
3
Suppose 4*o + 2*t + 212 = 0, 3*o + 2*t = -t - 156. Let x = 16 - o. What is the tens digit of x?
7
Suppose 3 = -7*h + 24. Suppose -g + 5*g - 2*a = 734, h*g = a + 549. What is the hundreds digit of g?
1
Let s = 619 - 503. Let m be 205/3 + 2/(-6). Let t = s - m. What is the units digit of t?
8
Let d(s) = -s**2 + 4*s - 4. Suppose 4*f = -6 + 22. Let l be d(f). What is the units digit of 0 + 15 + 7 + l?
8
Let z be ((-4)/8)/((-2)/92). Suppose 117 - z = r. Let y = -51 + r. What is the tens digit of y?
4
Let d = -23 - -29. Suppose -d*o = -o. Suppose o = 4*l + 3*m - 100 - 79, -m = -2*l + 87. What is the units digit of l?
4
Let m(b) = 177*b - 184. What is the tens digit of m(11)?
6
What is the units digit of (411/9)/((-20)/(-540))?
3
Let t be (-2)/((-56)/3212) - (-6)/21. Suppose r - 10 - t = 0. What is the hundreds digit of r?
1
Suppose -53*j + 15480 = -33*j. What is the hundreds digit of j?
7
Let b(d) = 2*d**2 - 7*d + 12. Suppose -2*u - 5 = -3*u. What is the tens digit of b(u)?
2
Let x(c) = -c**2 + 25*c - 22. Let v be x(15). Let z = -71 + v. What is the units digit of z?
7
Let a = -98 - -170. Let r = a - -11. What is the tens digit of r?
8
Let x be (152/3)/(2/33). Suppose 5*q + 2*w = -345 + 1157, -5*q + 4*w = -x. What is the tens digit of q?
6
Let r(k) = 0 + 4*k - 29*k + 2. Let w = -232 + 231. What is the tens digit of r(w)?
2
Suppose 57 = -3*f - 15*k + 12*k, -3*f = k + 55. What is the hundreds digit of (-2 + 75)/((-114)/f - 6)?
2
Let a(h) be the first derivative of -h**6/120 - h**5/60 + 13*h**3/3 - 3*h**2/2 - 5. Let o(i) be the second derivative of a(i). What is the tens digit of o(0)?
2
Suppose 4*o - 882 = 46. Let y = -126 + o. What is the units digit of y?
6
Let y = -1 - -7. Let p be (-36)/(-8)*4/y. Suppose 0*l + p*l - 48 = 0. What is the units digit of l?
6
Let q = 5856 - 1002. What is the units digit of q?
4
Let h(g) = 43*g + 749. What is the units digit of h(32)?
5
Let x = 311 - 244. Let b = -5 + 1. Let d = x + b. What is the tens digit of d?
6
Suppose 0 = -j - 3*z + 44, 3*j - 2*z - 110 = -0*z. Let o(u) = u**2 - 10*u + 9. Let v be o(9). Let f = v + j. What is the units digit of f?
8
Let n = -7 - 5. Let x be (-10 - 1)/(n/36). Let l = -22 + x. What is the units digit of l?
1
Let s = 8571 + -4444. What is the units digit of s?
7
Suppose -2*n = -8, -t = -21*n + 25*n - 2462. What is the thousands digit of t?
2
Suppose 0 = -4*l - 20, -n - l = 3*n - 8475. What is the tens digit of n?
2
Let v be (-6)/(-3) + (0 - 2). Suppose v*z - 5 = -z. Suppose w + z*s = 2*w - 38, 5*w - 2*s = 144. What is the tens digit of w?
2
Let m(z) = z + 7. Let d be (-3 - -1)*2/(-4). Let v(n) = -7*n**3 + n**2 + n - 1. Let s be v(d). What is the units digit of m(s)?
1
Let l be (3/(-6))/((-2)/(-16)). Let x(m) = m**2 - 5*m - 6. Let d be x(l). Suppose -3*c + d = 2*c. What is the units digit of c?
6
Suppose -4*x + 5*y + 23 = 0, 3*x = 4*x + 4*y + 10. Suppose -6*c = -x*c - 152. What is the tens digit of c?
3
Let h be 175/21 - (-4)/6. Let n be (-3)/h - (-38)/6. Suppose 0*v - n = -3*v. What is the units digit of v?
2
Let z(q) = 2*q + 13. Let d = -43 + 50. What is the tens digit of z(d)?
2
What is the units digit of 0 - ((-3)/(-7) + 233339/(-133))?
4
What is the hundreds digit of (-6 - (-26)/5) + 29370/25?
1
Let m be 46/2 - (3 - (-2)/(-2)). Suppose m + 17 = l. What is the units digit of l?
8
Let h = -16 + 24. Le